('2021-MAR-12','Morocco',31,2950),('2021-MAR-13','Morocco',52,3538),('2021-MAR-14','Morocco',50,3905),('2021-MAY-19','Morocco',26,1080),('2021-MAY-20','Morocco',24,2079),('2021-MAY-21','Morocco',21,2085),('2021-MAY-22','Morocco',35,2318),('2020-JUL-29','Panama',187,7835),('2020-JUL-30','Panama',198,6828),('2020-JUL-31','Panama',177,7157),('2020-JUL-32','Panama',168,7039),('2020-JUN-24','Panama',44,4261),('2020-JUN-25','Panama',64,5344),('2020-JUN-26','Panama',103,5656),('2020-JUN-27','Panama',143,6463),('2020-MAR-11','Panama',1,43),('2020-MAR-12','Panama',2,270),('2020-MAR-13','Panama',21,676),('2020-MAR-14','Panama',30,999),('2020-MAY-19','Panama',44,1251),('2020-MAY-20','Panama',31,1158),('2020-MAY-21','Panama',31,1320),('2020-MAY-22','Panama',30,2537),('2020-MAY-23','Panama',57,2962),('2020-NOV-46','Panama',75,7126),('2020-NOV-47','Panama',84,8130),('2020-NOV-48','Panama',103,9946),('2020-NOV-49','Panama',133,12990),('2020-OCT-42','Panama',73,4432),('2020-OCT-43','Panama',69,4455),('2020-OCT-44','Panama',73,5136),('2020-OCT-45','Panama',92,5191),('2020-SEP-38','Panama',91,4458),('2020-SEP-39','Panama',83,4352),('2020-SEP-40','Panama',83,4731),('2020-SEP-41','Panama',68,5027),('2021-APR-15','Panama',21,2049),('2021-APR-16','Panama',21,2126),('2021-APR-17','Panama',29,2137),('2021-APR-18','Panama',33,2552),('2021-FEB-06','Panama',162,5588),('2021-FEB-07','Panama',100,3842),('2021-FEB-08','Panama',103,4394),('2021-FEB-09','Panama',78,3919),('2021-JAN-01','Panama',315,25460),('2021-JAN-02','Panama',332,18823),('2021-JAN-03','Panama',311,14139),('2021-JAN-04','Panama',172,8221),('2021-JAN-05','Panama',210,6712),('2021-JUN-24','Panama',31,5885),('2021-MAR-10','Panama',82,3321),('2021-MAR-11','Panama',39,2836),('2021-MAR-12','Panama',56,2848),('2021-MAR-13','Panama',35,2538),('2021-MAR-14','Panama',32,2415),('2021-MAY-19','Panama',25,3221),('2021-MAY-20','Panama',35,3244),('2021-MAY-21','Panama',39,3655),('2021-MAY-22','Panama',32,4699),('2021-MAY-23','Panama',42,5367),('2020-AUG-33','Papua New Guinea',0,109),('2020-AUG-34','Papua New Guinea',1,78),('2020-AUG-35','Papua New Guinea',1,58),('2020-AUG-36','Papua New Guinea',0,38),('2020-AUG-37','Papua New Guinea',1,14),('2020-APR-15','Papua New Guinea',0,1),('2020-APR-16','Papua New Guinea',0,5),('2020-APR-17','Papua New Guinea',0,1),('2020-APR-18','Papua New Guinea',0,0),('2020-DEC-50','Papua New Guinea',1,54),('2020-DEC-51','Papua New Guinea',1,36),('2020-DEC-52','Papua New Guinea',0,19),('2020-DEC-53','Papua New Guinea',0,19),('2020-JUL-28','Papua New Guinea',0,0),('2020-JUL-29','Papua New Guinea',0,6),('2020-JUL-30','Papua New Guinea',0,45),('2020-JUL-31','Papua New Guinea',2,48),('2020-JUL-32','Papua New Guinea',1,104),('2020-JUN-24','Papua New Guinea',0,0),('2020-JUN-25','Papua New Guinea',0,1),('2020-JUN-26','Papua New Guinea',0,2),('2020-JUN-27','Papua New Guinea',0,0),('2020-MAR-12','Papua New Guinea',0,1),('2020-MAR-13','Papua New Guinea',0,0),('2020-MAR-14','Papua New Guinea',0,0),('2020-MAY-19','Papua New Guinea',0,0),('2020-MAY-20','Papua New Guinea',0,0),('2020-MAY-21','Papua New Guinea',0,0),('2020-MAY-22','Papua New Guinea',0,0),('2020-MAY-23','Papua New Guinea',0,0),('2020-NOV-46','Papua New Guinea',0,3),('2020-NOV-47','Papua New Guinea',0,4),('2020-NOV-48','Papua New Guinea',0,51),('2020-NOV-49','Papua New Guinea',0,16),('2020-OCT-42','Papua New Guinea',0,27),('2020-OCT-43','Papua New Guinea',0,7),('2020-OCT-44','Papua New Guinea',0,2),('2020-OCT-45','Papua New Guinea',0,7),('2020-SEP-38','Papua New Guinea',1,6),('2020-SEP-39','Papua New Guinea',0,15),('2020-SEP-40','Papua New Guinea',0,8),('2020-SEP-41','Papua New Guinea',0,14),('2021-APR-15','Papua New Guinea',21,1197),('2021-APR-16','Papua New Guinea',12,871),('2021-APR-17','Papua New Guinea',13,536),('2021-APR-18','Papua New Guinea',6,1020),('2021-FEB-06','Papua New Guinea',1,61),('2021-FEB-07','Papua New Guinea',0,15),('2021-FEB-08','Papua New Guinea',2,305),('2021-FEB-09','Papua New Guinea',4,395),('2021-JAN-01','Papua New Guinea',0,12),('2021-JAN-02','Papua New Guinea',0,23),('2021-JAN-03','Papua New Guinea',0,15),('2021-JAN-04','Papua New Guinea',0,18),('2021-JAN-05','Papua New Guinea',0,27);
/*!40000 ALTER TABLE `FT` ENABLE KEYS */;
UNLOCK TABLES;

--
-- Table structure for table `GROUPBYOPERATOR`
--

DROP TABLE IF EXISTS `GROUPBYOPERATOR`;
/*!40101 SET @saved_cs_client     = @@character_set_client */;
/*!50503 SET character_set_client = utf8mb4 */;
CREATE TABLE `GROUPBYOPERATOR` (
                                   `GROUPBYOPERATOR_ID` varchar(255) DEFAULT NULL,
                                   `GROUPBYOPERATOR_NAME` varchar(255) DEFAULT NULL,
                                   `GROUPBYOPERATOR_SYNONYMS` varchar(1000) DEFAULT NULL
) ENGINE=InnoDB DEFAULT CHARSET=latin1;
/*!40101 SET character_set_client = @saved_cs_client */;

--
-- Dumping data for table `GROUPBYOPERATOR`
--

LOCK TABLES `GROUPBYOPERATOR` WRITE;
/*!40000 ALTER TABLE `GROUPBYOPERATOR` DISABLE KEYS */;
/*!40000 ALTER TABLE `GROUPBYOPERATOR` ENABLE KEYS */;
UNLOCK TABLES;

--
-- Table structure for table `GROUPBYOPERATOR_OF_MEASURE`
--

DROP TABLE IF EXISTS `GROUPBYOPERATOR_OF_MEASURE`;
/*!40101 SET @saved_cs_client     = @@character_set_client */;
/*!50503 SET character_set_client = utf8mb4 */;
CREATE TABLE `GROUPBYOPERATOR_OF_MEASURE` (
                                              `GROUPBYOPERATOR_ID` varchar(255) DEFAULT NULL,
                                              `MEASURE_ID` varchar(255) DEFAULT NULL
) ENGINE=InnoDB DEFAULT CHARSET=latin1;
/*!40101 SET character_set_client = @saved_cs_client */;

--
-- Dumping data for table `GROUPBYOPERATOR_OF_MEASURE`
--

LOCK TABLES `GROUPBYOPERATOR_OF_MEASURE` WRITE;
/*!40000 ALTER TABLE `GROUPBYOPERATOR_OF_MEASURE` DISABLE KEYS */;
/*!40000 ALTER TABLE `GROUPBYOPERATOR_OF_MEASURE` ENABLE KEYS */;
UNLOCK TABLES;

--
-- Table structure for table `HIERARCHY`
--

DROP TABLE IF EXISTS `HIERARCHY`;
/*!40101 SET @saved_cs_client     = @@character_set_client */;
/*!50503 SET character_set_client = utf8mb4 */;
CREATE TABLE `HIERARCHY` (
                             `HIERARCHY_ID` varchar(255) DEFAULT NULL,
                             `HIERARCHY_NAME` varchar(255) DEFAULT NULL,
                             `HIERARCHY_SYNONYMS` varchar(1000) DEFAULT NULL
) ENGINE=InnoDB DEFAULT CHARSET=latin1;
/*!40101 SET character_set_client = @saved_cs_client */;

--
-- Dumping data for table `HIERARCHY`
--

LOCK TABLES `HIERARCHY` WRITE;
/*!40000 ALTER TABLE `HIERARCHY` DISABLE KEYS */;
INSERT INTO `HIERARCHY` VALUES ('DT_SPACE','DT_SPACE',NULL),('DT_TIME','DT_TIME',NULL);
/*!40000 ALTER TABLE `HIERARCHY` ENABLE KEYS */;
UNLOCK TABLES;

--
-- Table structure for table `HIERARCHY_IN_FACT`
--

DROP TABLE IF EXISTS `HIERARCHY_IN_FACT`;
/*!40101 SET @saved_cs_client     = @@character_set_client */;
/*!50503 SET character_set_client = utf8mb4 */;
CREATE TABLE `HIERARCHY_IN_FACT` (
                                     `FACT_ID` varchar(255) DEFAULT NULL,
                                     `HIERARCHY_ID` varchar(255) DEFAULT NULL
) ENGINE=InnoDB DEFAULT CHARSET=latin1;
/*!40101 SET character_set_client = @saved_cs_client */;

--
-- Dumping data for table `HIERARCHY_IN_FACT`
--

LOCK TABLES `HIERARCHY_IN_FACT` WRITE;
/*!40000 ALTER TABLE `HIERARCHY_IN_FACT` DISABLE KEYS */;
INSERT INTO `HIERARCHY_IN_FACT` VALUES ('FT','DT_SPACE'),('FT','DT_TIME');
/*!40000 ALTER TABLE `HIERARCHY_IN_FACT` ENABLE KEYS */;
UNLOCK TABLES;

--
-- Table structure for table `LANGUAGE_OPERATOR`
--

DROP TABLE IF EXISTS `LANGUAGE_OPERATOR`;
/*!40101 SET @saved_cs_client     = @@character_set_client */;
/*!50503 SET character_set_client = utf8mb4 */;
CREATE TABLE `LANGUAGE_OPERATOR` (
                                     `LANGUAGE_OPERATOR_ID` varchar(255) DEFAULT NULL,
                                     `LANGUAGE_OPERATOR_NAME` varchar(255) DEFAULT NULL,
                                     `LANGUAGE_OPERATOR_SYNONYMS` varchar(1000) DEFAULT NULL,
                                     `LANGUAGE_OPERATOR_TYPE` varchar(255) DEFAULT NULL
) ENGINE=InnoDB DEFAULT CHARSET=latin1;
/*!40101 SET character_set_client = @saved_cs_client */;

--
-- Dumping data for table `LANGUAGE_OPERATOR`
--

LOCK TABLES `LANGUAGE_OPERATOR` WRITE;
/*!40000 ALTER TABLE `LANGUAGE_OPERATOR` DISABLE KEYS */;
/*!40000 ALTER TABLE `LANGUAGE_OPERATOR` ENABLE KEYS */;
UNLOCK TABLES;

--
-- Table structure for table `LANGUAGE_PREDICATE`
--

DROP TABLE IF EXISTS `LANGUAGE_PREDICATE`;
/*!40101 SET @saved_cs_client     = @@character_set_client */;
/*!50503 SET character_set_client = utf8mb4 */;
CREATE TABLE `LANGUAGE_PREDICATE` (
                                      `LANGUAGE_PREDICATE_ID` varchar(255) DEFAULT NULL,
                                      `LANGUAGE_PREDICATE_NAME` varchar(255) DEFAULT NULL,
                                      `LANGUAGE_PREDICATE_SYNONYMS` varchar(1000) DEFAULT NULL,
                                      `LANGUAGE_PREDICATE_TYPE` varchar(255) DEFAULT NULL
) ENGINE=InnoDB DEFAULT CHARSET=latin1;
/*!40101 SET character_set_client = @saved_cs_client */;

--
-- Dumping data for table `LANGUAGE_PREDICATE`
--

LOCK TABLES `LANGUAGE_PREDICATE` WRITE;
/*!40000 ALTER TABLE `LANGUAGE_PREDICATE` DISABLE KEYS */;
/*!40000 ALTER TABLE `LANGUAGE_PREDICATE` ENABLE KEYS */;
UNLOCK TABLES;

--
-- Table structure for table `LEVEL`
--

DROP TABLE IF EXISTS `LEVEL`;
/*!40101 SET @saved_cs_client     = @@character_set_client */;
/*!50503 SET character_set_client = utf8mb4 */;
CREATE TABLE `LEVEL` (
                         `LEVEL_ID` varchar(255) DEFAULT NULL,
                         `LEVEL_TYPE` varchar(255) DEFAULT NULL,
                         `LEVEL_DESCRIPTION` varchar(200) DEFAULT NULL,
                         `LEVEL_NAME` varchar(255) DEFAULT NULL,
                         `CARDINALITY` int(11) DEFAULT NULL,
                         `HIERARCHY_ID` varchar(255) DEFAULT NULL,
                         `LEVEL_SYNONYMS` varchar(1000) DEFAULT NULL,
                         `COLUMN_ID` varchar(255) DEFAULT NULL,
                         `MIN` float DEFAULT NULL,
                         `MAX` float DEFAULT NULL,
                         `AVG` float DEFAULT NULL,
                         `ISDESCRIPTIVE` tinyint(1) DEFAULT NULL,
                         `MINDATE` date DEFAULT NULL,
                         `MAXDATE` date DEFAULT NULL
) ENGINE=InnoDB DEFAULT CHARSET=latin1;
/*!40101 SET character_set_client = @saved_cs_client */;

--
-- Dumping data for table `LEVEL`
--

LOCK TABLES `LEVEL` WRITE;
/*!40000 ALTER TABLE `LEVEL` DISABLE KEYS */;
INSERT INTO `LEVEL` VALUES ('DT_SPACE_all_DT_SPACE','NULL',NULL,'all_DT_SPACE',NULL,'DT_SPACE',NULL,'DT_SPACE_all_DT_SPACE',NULL,NULL,NULL,0,NULL,NULL),('DT_SPACE_COUNTRY','VARCHAR',NULL,'COUNTRY',214,'DT_SPACE',NULL,'DT_SPACE_COUNTRY',NULL,NULL,NULL,0,NULL,NULL),('DT_SPACE_CONTINENT','VARCHAR',NULL,'CONTINENT',5,'DT_SPACE',NULL,'DT_SPACE_CONTINENT',NULL,NULL,NULL,0,NULL,NULL),('DT_SPACE_POPULATION','VARCHAR',NULL,'POPULATION',214,'DT_SPACE',NULL,'DT_SPACE_POPULATION',NULL,NULL,NULL,0,NULL,NULL),('DT_TIME_all_DT_TIME','NULL',NULL,'all_DT_TIME',NULL,'DT_TIME',NULL,'DT_TIME_all_DT_TIME',NULL,NULL,NULL,0,NULL,NULL),('DT_TIME_WEEK','VARCHAR',NULL,'WEEK',77,'DT_TIME',NULL,'DT_TIME_WEEK',NULL,NULL,NULL,0,NULL,NULL),('DT_TIME_YEAR','VARCHAR',NULL,'YEAR',2,'DT_TIME',NULL,'DT_TIME_YEAR',NULL,NULL,NULL,0,NULL,NULL),('DT_TIME_MONTH','VARCHAR',NULL,'MONTH',18,'DT_TIME',NULL,'DT_TIME_MONTH',NULL,NULL,NULL,0,NULL,NULL);
/*!40000 ALTER TABLE `LEVEL` ENABLE KEYS */;
UNLOCK TABLES;

--
-- Table structure for table `MEASURE`
--

DROP TABLE IF EXISTS `MEASURE`;
/*!40101 SET @saved_cs_client     = @@character_set_client */;
/*!50503 SET character_set_client = utf8mb4 */;
CREATE TABLE `MEASURE` (
                           `MEASURE_ID` varchar(255) DEFAULT NULL,
                           `MEASURE_NAME` varchar(255) DEFAULT NULL,
                           `FACT_ID` varchar(255) DEFAULT NULL,
                           `MEASURE_SYNONYMS` varchar(1000) DEFAULT NULL,
                           `COLUMN_ID` varchar(255) DEFAULT NULL
) ENGINE=InnoDB DEFAULT CHARSET=latin1;
/*!40101 SET character_set_client = @saved_cs_client */;

--
-- Dumping data for table `MEASURE`
--

LOCK TABLES `MEASURE` WRITE;
/*!40000 ALTER TABLE `MEASURE` DISABLE KEYS */;
INSERT INTO `MEASURE` VALUES ('DEATHS','DEATHS','FT',NULL,'FT_DEATHS'),('CASES','CASES','FT',NULL,'FT_CASES');
/*!40000 ALTER TABLE `MEASURE` ENABLE KEYS */;
UNLOCK TABLES;

--
-- Table structure for table `MEMBER`
--

DROP TABLE IF EXISTS `MEMBER`;
/*!40101 SET @saved_cs_client     = @@character_set_client */;
/*!50503 SET character_set_client = utf8mb4 */;
CREATE TABLE `MEMBER` (
                          `MEMBER_ID` varchar(255) DEFAULT NULL,
                          `MEMBER_NAME` varchar(255) DEFAULT NULL,
                          `LEVEL_ID` varchar(255) DEFAULT NULL,
                          `MEMBER_SYNONYMS` varchar(1000) DEFAULT NULL
) ENGINE=InnoDB DEFAULT CHARSET=latin1;
/*!40101 SET character_set_client = @saved_cs_client */;

--
-- Dumping data for table `MEMBER`
--

LOCK TABLES `MEMBER` WRITE;
/*!40000 ALTER TABLE `MEMBER` DISABLE KEYS */;
INSERT INTO `MEMBER` VALUES ('0','Afghanistan','DT_SPACE_COUNTRY',NULL),('1','Albania','DT_SPACE_COUNTRY',NULL),('2','Algeria','DT_SPACE_COUNTRY',NULL),('3','Andorra','DT_SPACE_COUNTRY',NULL),('4','Angola','DT_SPACE_COUNTRY',NULL),('5','Anguilla','DT_SPACE_COUNTRY',NULL),('6','Antigua And Barbuda','DT_SPACE_COUNTRY',NULL),('7','Argentina','DT_SPACE_COUNTRY',NULL),('8','Armenia','DT_SPACE_COUNTRY',NULL),('9','Aruba','DT_SPACE_COUNTRY',NULL),('10','Australia','DT_SPACE_COUNTRY',NULL),('11','Austria','DT_SPACE_COUNTRY',NULL),('12','Azerbaijan','DT_SPACE_COUNTRY',NULL),('13','Bahamas','DT_SPACE_COUNTRY',NULL),('14','Bahrain','DT_SPACE_COUNTRY',NULL),('15','Bangladesh','DT_SPACE_COUNTRY',NULL),('16','Barbados','DT_SPACE_COUNTRY',NULL),('17','Belarus','DT_SPACE_COUNTRY',NULL),('18','Belgium','DT_SPACE_COUNTRY',NULL),('19','Belize','DT_SPACE_COUNTRY',NULL),('20','Benin','DT_SPACE_COUNTRY',NULL),('21','Bermuda','DT_SPACE_COUNTRY',NULL),('22','Bhutan','DT_SPACE_COUNTRY',NULL),('23','Bolivia','DT_SPACE_COUNTRY',NULL),('24','Bonaire, Saint Eustatius And Saba','DT_SPACE_COUNTRY',NULL),('25','Bosnia And Herzegovina','DT_SPACE_COUNTRY',NULL),('26','Botswana','DT_SPACE_COUNTRY',NULL),('27','Brazil','DT_SPACE_COUNTRY',NULL),('28','British Virgin Islands','DT_SPACE_COUNTRY',NULL),('29','Brunei Darussalam','DT_SPACE_COUNTRY',NULL),('30','Bulgaria','DT_SPACE_COUNTRY',NULL),('31','Burkina Faso','DT_SPACE_COUNTRY',NULL),('32','Burundi','DT_SPACE_COUNTRY',NULL),('33','Cambodia','DT_SPACE_COUNTRY',NULL),('34','Cameroon','DT_SPACE_COUNTRY',NULL),('35','Canada','DT_SPACE_COUNTRY',NULL),('36','Cape Verde','DT_SPACE_COUNTRY',NULL),('37','Cayman Islands','DT_SPACE_COUNTRY',NULL),('38','Central African Republic','DT_SPACE_COUNTRY',NULL),('39','Chad','DT_SPACE_COUNTRY',NULL),('40','Chile','DT_SPACE_COUNTRY',NULL),('41','China','DT_SPACE_COUNTRY',NULL),('42','Colombia','DT_SPACE_COUNTRY',NULL),('43','Comoros','DT_SPACE_COUNTRY',NULL),('44','Congo','DT_SPACE_COUNTRY',NULL),('45','Costa Rica','DT_SPACE_COUNTRY',NULL),('46','Cote Divoire','DT_SPACE_COUNTRY',NULL),('47','Croatia','DT_SPACE_COUNTRY',NULL),('48','Cuba','DT_SPACE_COUNTRY',NULL),('49','Curaçao','DT_SPACE_COUNTRY',NULL),('50','Cyprus','DT_SPACE_COUNTRY',NULL),('51','Czechia','DT_SPACE_COUNTRY',NULL),('52','Democratic Republic Of The Congo','DT_SPACE_COUNTRY',NULL),('53','Denmark','DT_SPACE_COUNTRY',NULL),('54','Djibouti','DT_SPACE_COUNTRY',NULL),('55','Dominica','DT_SPACE_COUNTRY',NULL),('56','Dominican Republic','DT_SPACE_COUNTRY',NULL),('57','Ecuador','DT_SPACE_COUNTRY',NULL),('58','Egypt','DT_SPACE_COUNTRY',NULL),('59','El Salvador','DT_SPACE_COUNTRY',NULL),('60','Equatorial Guinea','DT_SPACE_COUNTRY',NULL),('61','Eritrea','DT_SPACE_COUNTRY',NULL),('62','Estonia','DT_SPACE_COUNTRY',NULL),('63','Eswatini','DT_SPACE_COUNTRY',NULL),('64','Ethiopia','DT_SPACE_COUNTRY',NULL),('65','Falkland Islands (Malvinas)','DT_SPACE_COUNTRY',NULL),('66','Faroe Islands','DT_SPACE_COUNTRY',NULL),('67','Fiji','DT_SPACE_COUNTRY',NULL),('68','Finland','DT_SPACE_COUNTRY',NULL),('69','France','DT_SPACE_COUNTRY',NULL),('70','French Polynesia','DT_SPACE_COUNTRY',NULL),('71','Gabon','DT_SPACE_COUNTRY',NULL),('72','Gambia','DT_SPACE_COUNTRY',NULL),('73','Georgia','DT_SPACE_COUNTRY',NULL),('74','Germany','DT_SPACE_COUNTRY',NULL),('75','Ghana','DT_SPACE_COUNTRY',NULL),('76','Gibraltar','DT_SPACE_COUNTRY',NULL),('77','Greece','DT_SPACE_COUNTRY',NULL),('78','Greenland','DT_SPACE_COUNTRY',NULL),('79','Grenada','DT_SPACE_COUNTRY',NULL),('80','Guam','DT_SPACE_COUNTRY',NULL),('81','Guatemala','DT_SPACE_COUNTRY',NULL),('82','Guernsey','DT_SPACE_COUNTRY',NULL),('83','Guinea','DT_SPACE_COUNTRY',NULL),('84','Guinea Bissau','DT_SPACE_COUNTRY',NULL),('85','Guyana','DT_SPACE_COUNTRY',NULL),('86','Haiti','DT_SPACE_COUNTRY',NULL),('87','Holy See','DT_SPACE_COUNTRY',NULL),('88','Honduras','DT_SPACE_COUNTRY',NULL),('89','Hungary','DT_SPACE_COUNTRY',NULL),('90','Iceland','DT_SPACE_COUNTRY',NULL),('91','India','DT_SPACE_COUNTRY',NULL),('92','Indonesia','DT_SPACE_COUNTRY',NULL),('93','Iran','DT_SPACE_COUNTRY',NULL),('94','Iraq','DT_SPACE_COUNTRY',NULL),('95','Ireland','DT_SPACE_COUNTRY',NULL),('96','Isle Of Man','DT_SPACE_COUNTRY',NULL),('97','Israel','DT_SPACE_COUNTRY',NULL),('98','Italy','DT_SPACE_COUNTRY',NULL),('99','Jamaica','DT_SPACE_COUNTRY',NULL),('100','Japan','DT_SPACE_COUNTRY',NULL),('101','Jersey','DT_SPACE_COUNTRY',NULL),('102','Jordan','DT_SPACE_COUNTRY',NULL),('103','Kazakhstan','DT_SPACE_COUNTRY',NULL),('104','Kenya','DT_SPACE_COUNTRY',NULL),('105','Kosovo','DT_SPACE_COUNTRY',NULL),('106','Kuwait','DT_SPACE_COUNTRY',NULL),('107','Kyrgyzstan','DT_SPACE_COUNTRY',NULL),('108','Laos','DT_SPACE_COUNTRY',NULL),('109','Latvia','DT_SPACE_COUNTRY',NULL),('110','Lebanon','DT_SPACE_COUNTRY',NULL),('111','Lesotho','DT_SPACE_COUNTRY',NULL),('112','Liberia','DT_SPACE_COUNTRY',NULL),('113','Libya','DT_SPACE_COUNTRY',NULL),('114','Liechtenstein','DT_SPACE_COUNTRY',NULL),('115','Lithuania','DT_SPACE_COUNTRY',NULL),('116','Luxembourg','DT_SPACE_COUNTRY',NULL),('117','Madagascar','DT_SPACE_COUNTRY',NULL),('118','Malawi','DT_SPACE_COUNTRY',NULL),('119','Malaysia','DT_SPACE_COUNTRY',NULL),('120','Maldives','DT_SPACE_COUNTRY',NULL),('121','Mali','DT_SPACE_COUNTRY',NULL),('122','Malta','DT_SPACE_COUNTRY',NULL),('123','Marshall Islands','DT_SPACE_COUNTRY',NULL),('124','Mauritania','DT_SPACE_COUNTRY',NULL),('125','Mauritius','DT_SPACE_COUNTRY',NULL),('126','Mexico','DT_SPACE_COUNTRY',NULL),('127','Micronesia (Federated States Of)','DT_SPACE_COUNTRY',NULL),('128','Moldova','DT_SPACE_COUNTRY',NULL),('129','Monaco','DT_SPACE_COUNTRY',NULL),('130','Mongolia','DT_SPACE_COUNTRY',NULL),('131','Montenegro','DT_SPACE_COUNTRY',NULL),('132','Montserrat','DT_SPACE_COUNTRY',NULL),('133','Morocco','DT_SPACE_COUNTRY',NULL),('134','Mozambique','DT_SPACE_COUNTRY',NULL),('135','Myanmar','DT_SPACE_COUNTRY',NULL),('136','Namibia','DT_SPACE_COUNTRY',NULL),('137','Nepal','DT_SPACE_COUNTRY',NULL),('138','Netherlands','DT_SPACE_COUNTRY',NULL),('139','New Caledonia','DT_SPACE_COUNTRY',NULL),('140','New Zealand','DT_SPACE_COUNTRY',NULL),('141','Nicaragua','DT_SPACE_COUNTRY',NULL),('142','Niger','DT_SPACE_COUNTRY',NULL),('143','Nigeria','DT_SPACE_COUNTRY',NULL),('144','North Macedonia','DT_SPACE_COUNTRY',NULL),('145','Northern Mariana Islands','DT_SPACE_COUNTRY',NULL),('146','Norway','DT_SPACE_COUNTRY',NULL),('147','Oman','DT_SPACE_COUNTRY',NULL),('148','Pakistan','DT_SPACE_COUNTRY',NULL),('149','Palestine','DT_SPACE_COUNTRY',NULL),('150','Panama','DT_SPACE_COUNTRY',NULL),('151','Papua New Guinea','DT_SPACE_COUNTRY',NULL),('152','Paraguay','DT_SPACE_COUNTRY',NULL),('153','Peru','DT_SPACE_COUNTRY',NULL),('154','Philippines','DT_SPACE_COUNTRY',NULL),('155','Poland','DT_SPACE_COUNTRY',NULL),('156','Portugal','DT_SPACE_COUNTRY',NULL),('157','Puerto Rico','DT_SPACE_COUNTRY',NULL),('158','Qatar','DT_SPACE_COUNTRY',NULL),('159','Romania','DT_SPACE_COUNTRY',NULL),('160','Russia','DT_SPACE_COUNTRY',NULL),('161','Rwanda','DT_SPACE_COUNTRY',NULL),('162','Saint Kitts And Nevis','DT_SPACE_COUNTRY',NULL),('163','Saint Lucia','DT_SPACE_COUNTRY',NULL),('164','Saint Vincent And The Grenadines','DT_SPACE_COUNTRY',NULL),('165','San Marino','DT_SPACE_COUNTRY',NULL),('166','Sao Tome And Principe','DT_SPACE_COUNTRY',NULL),('167','Saudi Arabia','DT_SPACE_COUNTRY',NULL),('168','Senegal','DT_SPACE_COUNTRY',NULL),('169','Serbia','DT_SPACE_COUNTRY',NULL),('170','Seychelles','DT_SPACE_COUNTRY',NULL),('171','Sierra Leone','DT_SPACE_COUNTRY',NULL),('172','Singapore','DT_SPACE_COUNTRY',NULL),('173','Sint Maarten','DT_SPACE_COUNTRY',NULL),('174','Slovakia','DT_SPACE_COUNTRY',NULL),('175','Slovenia','DT_SPACE_COUNTRY',NULL),('176','Solomon Islands','DT_SPACE_COUNTRY',NULL),('177','Somalia','DT_SPACE_COUNTRY',NULL),('178','South Africa','DT_SPACE_COUNTRY',NULL),('179','South Korea','DT_SPACE_COUNTRY',NULL),('180','South Sudan','DT_SPACE_COUNTRY',NULL),('181','Spain','DT_SPACE_COUNTRY',NULL),('182','Sri Lanka','DT_SPACE_COUNTRY',NULL),('183','Sudan','DT_SPACE_COUNTRY',NULL),('184','Suriname','DT_SPACE_COUNTRY',NULL),('185','Sweden','DT_SPACE_COUNTRY',NULL),('186','Switzerland','DT_SPACE_COUNTRY',NULL),('187','Syria','DT_SPACE_COUNTRY',NULL),('188','Taiwan','DT_SPACE_COUNTRY',NULL),('189','Tajikistan','DT_SPACE_COUNTRY',NULL),('190','Thailand','DT_SPACE_COUNTRY',NULL),('191','Timor Leste','DT_SPACE_COUNTRY',NULL),('192','Togo','DT_SPACE_COUNTRY',NULL),('193','Trinidad And Tobago','DT_SPACE_COUNTRY',NULL),('194','Tunisia','DT_SPACE_COUNTRY',NULL),('195','Turkey','DT_SPACE_COUNTRY',NULL),('196','Turks And Caicos Islands','DT_SPACE_COUNTRY',NULL),('197','Uganda','DT_SPACE_COUNTRY',NULL),('198','Ukraine','DT_SPACE_COUNTRY',NULL),('199','United Arab Emirates','DT_SPACE_COUNTRY',NULL),('200','United Kingdom','DT_SPACE_COUNTRY',NULL),('201','United Republic Of Tanzania','DT_SPACE_COUNTRY',NULL),('202','United States Of America','DT_SPACE_COUNTRY',NULL),('203','United States Virgin Islands','DT_SPACE_COUNTRY',NULL),('204','Uruguay','DT_SPACE_COUNTRY',NULL),('205','Uzbekistan','DT_SPACE_COUNTRY',NULL),('206','Vanuatu','DT_SPACE_COUNTRY',NULL),('207','Venezuela','DT_SPACE_COUNTRY',NULL),('208','Vietnam','DT_SPACE_COUNTRY',NULL),('209','Wallis And Futuna','DT_SPACE_COUNTRY',NULL),('210','Western Sahara','DT_SPACE_COUNTRY',NULL),('211','Yemen','DT_SPACE_COUNTRY',NULL),('212','Zambia','DT_SPACE_COUNTRY',NULL),('213','Zimbabwe','DT_SPACE_COUNTRY',NULL),('214','America','DT_SPACE_CONTINENT',NULL),('215','Oceania','DT_SPACE_CONTINENT',NULL),('216','Europe','DT_SPACE_CONTINENT',NULL),('217','Africa','DT_SPACE_CONTINENT',NULL),('218','Asia','DT_SPACE_CONTINENT',NULL),('219','38928341','DT_SPACE_POPULATION',NULL),('220','32866268','DT_SPACE_POPULATION',NULL),('221','97928','DT_SPACE_POPULATION',NULL),('222','397621','DT_SPACE_POPULATION',NULL),('223','12123198','DT_SPACE_POPULATION',NULL),('224','3280815','DT_SPACE_POPULATION',NULL),('225','65720','DT_SPACE_POPULATION',NULL),('226','26378275','DT_SPACE_POPULATION',NULL),('227','888005','DT_SPACE_POPULATION',NULL),('228','1328976','DT_SPACE_POPULATION',NULL),('229','2225728','DT_SPACE_POPULATION',NULL),('230','3989175','DT_SPACE_POPULATION',NULL),('231','83166711','DT_SPACE_POPULATION',NULL),('232','9904608','DT_SPACE_POPULATION',NULL),('233','40222503','DT_SPACE_POPULATION',NULL),('234','4964440','DT_SPACE_POPULATION',NULL),('235','2961161','DT_SPACE_POPULATION',NULL),('236','126476458','DT_SPACE_POPULATION',NULL),('237','1907675','DT_SPACE_POPULATION',NULL),('238','2794090','DT_SPACE_POPULATION',NULL),('239','2076255','DT_SPACE_POPULATION',NULL),('240','5106622','DT_SPACE_POPULATION',NULL),('241','8947027','DT_SPACE_POPULATION',NULL),('242','7132530','DT_SPACE_POPULATION',NULL),('243','145934460','DT_SPACE_POPULATION',NULL),('244','16743930','DT_SPACE_POPULATION',NULL),('245','5457873','DT_SPACE_POPULATION',NULL),('246','47332614','DT_SPACE_POPULATION',NULL),('247','1399491','DT_SPACE_POPULATION',NULL),('248','14862927','DT_SPACE_POPULATION',NULL),('249','20903278','DT_SPACE_POPULATION',NULL),('250','5518092','DT_SPACE_POPULATION',NULL),('251','6486201','DT_SPACE_POPULATION',NULL),('252','2416664','DT_SPACE_POPULATION',NULL),('253','112519','DT_SPACE_POPULATION',NULL),('254','64468','DT_SPACE_POPULATION',NULL),('255','786559','DT_SPACE_POPULATION',NULL),('256','10203140','DT_SPACE_POPULATION',NULL),('257','7275556','DT_SPACE_POPULATION',NULL),('258','36910558','DT_SPACE_POPULATION',NULL),('259','17407585','DT_SPACE_POPULATION',NULL),('260','32971846','DT_SPACE_POPULATION',NULL),('261','219161','DT_SPACE_POPULATION',NULL),('262','7976985','DT_SPACE_POPULATION',NULL),('263','686878','DT_SPACE_POPULATION',NULL),('264','51269183','DT_SPACE_POPULATION',NULL),('265','23816775','DT_SPACE_POPULATION',NULL),('266','3473727','DT_SPACE_POPULATION',NULL),('267','76177','DT_SPACE_POPULATION',NULL),('268','15002','DT_SPACE_POPULATION',NULL),('269','26221','DT_SPACE_POPULATION',NULL),('270','1439323774','DT_SPACE_POPULATION',NULL),('271','10693939','DT_SPACE_POPULATION',NULL),('272','102334403','DT_SPACE_POPULATION',NULL),('273','1402985','DT_SPACE_POPULATION',NULL),('274','3483','DT_SPACE_POPULATION',NULL),('275','5525292','DT_SPACE_POPULATION',NULL),('276','10718565','DT_SPACE_POPULATION',NULL),('277','56772','DT_SPACE_POPULATION',NULL),('278','11402533','DT_SPACE_POPULATION',NULL),('279','273523621','DT_SPACE_POPULATION',NULL),('280','107796','DT_SPACE_POPULATION',NULL),('281','4270563','DT_SPACE_POPULATION',NULL),('282','6524191','DT_SPACE_POPULATION',NULL),('283','6825442','DT_SPACE_POPULATION',NULL),('284','540542','DT_SPACE_POPULATION',NULL),('285','4033963','DT_SPACE_POPULATION',NULL),('286','54409794','DT_SPACE_POPULATION',NULL),('287','2540916','DT_SPACE_POPULATION',NULL),('288','37958138','DT_SPACE_POPULATION',NULL),('289','2860840','DT_SPACE_POPULATION',NULL),('290','98340','DT_SPACE_POPULATION',NULL),('291','42882','DT_SPACE_POPULATION',NULL),('292','59308690','DT_SPACE_POPULATION',NULL),('293','11193729','DT_SPACE_POPULATION',NULL),('294','69799978','DT_SPACE_POPULATION',NULL),('295','43733759','DT_SPACE_POPULATION',NULL),('296','104423','DT_SPACE_POPULATION',NULL),('297','45195777','DT_SPACE_POPULATION',NULL),('298','10139175','DT_SPACE_POPULATION',NULL),('299','287371','DT_SPACE_POPULATION',NULL),('300','9449321','DT_SPACE_POPULATION',NULL),('301','50882884','DT_SPACE_POPULATION',NULL),('302','869595','DT_SPACE_POPULATION',NULL),('303','10847904','DT_SPACE_POPULATION',NULL),('304','17643060','DT_SPACE_POPULATION',NULL),('305','168783','DT_SPACE_POPULATION',NULL),('306','1967998','DT_SPACE_POPULATION',NULL),('307','809','DT_SPACE_POPULATION',NULL),('308','4649660','DT_SPACE_POPULATION',NULL),('309','3278292','DT_SPACE_POPULATION',NULL),('310','285491','DT_SPACE_POPULATION',NULL),('311','4314768','DT_SPACE_POPULATION',NULL),('312','19328838','DT_SPACE_POPULATION',NULL),('313','5850343','DT_SPACE_POPULATION',NULL),('314','8278737','DT_SPACE_POPULATION',NULL),('315','11818618','DT_SPACE_POPULATION',NULL),('316','33469199','DT_SPACE_POPULATION',NULL),('317','97338583','DT_SPACE_POPULATION',NULL),('318','597330','DT_SPACE_POPULATION',NULL),('319','2845955','DT_SPACE_POPULATION',NULL),('320','393248','DT_SPACE_POPULATION',NULL),('321','1701583','DT_SPACE_POPULATION',NULL),('322','11673029','DT_SPACE_POPULATION',NULL),('323','212559409','DT_SPACE_POPULATION',NULL),('324','6951482','DT_SPACE_POPULATION',NULL),('325','16718971','DT_SPACE_POPULATION',NULL),('326','37742157','DT_SPACE_POPULATION',NULL),('327','555988','DT_SPACE_POPULATION',NULL),('328','4829764','DT_SPACE_POPULATION',NULL),('329','16425859','DT_SPACE_POPULATION',NULL),('330','5094114','DT_SPACE_POPULATION',NULL),('331','3546427','DT_SPACE_POPULATION',NULL),('332','48865','DT_SPACE_POPULATION',NULL),('333','896444','DT_SPACE_POPULATION',NULL),('334','31072945','DT_SPACE_POPULATION',NULL),('335','9769526','DT_SPACE_POPULATION',NULL),('336','5057677','DT_SPACE_POPULATION',NULL),('337','38747','DT_SPACE_POPULATION',NULL),('338','20250834','DT_SPACE_POPULATION',NULL),('339','1271767','DT_SPACE_POPULATION',NULL),('340','621873','DT_SPACE_POPULATION',NULL),('341','4999','DT_SPACE_POPULATION',NULL),('342','31255435','DT_SPACE_POPULATION',NULL),('343','57557','DT_SPACE_POPULATION',NULL),('344','220892331','DT_SPACE_POPULATION',NULL),('345','10295909','DT_SPACE_POPULATION',NULL),('346','34453','DT_SPACE_POPULATION',NULL),('347','34813867','DT_SPACE_POPULATION',NULL),('348','6926705','DT_SPACE_POPULATION',NULL),('349','21413250','DT_SPACE_POPULATION',NULL),('350','10327589','DT_SPACE_POPULATION',NULL),('351','59734213','DT_SPACE_POPULATION',NULL),('352','331002647','DT_SPACE_POPULATION',NULL),('353','25499881','DT_SPACE_POPULATION',NULL),('354','8901064','DT_SPACE_POPULATION',NULL),('355','164689383','DT_SPACE_POPULATION',NULL),('356','11522440','DT_SPACE_POPULATION',NULL),('357','2351625','DT_SPACE_POPULATION',NULL),('358','437483','DT_SPACE_POPULATION',NULL),('359','4058165','DT_SPACE_POPULATION',NULL),('360','17915567','DT_SPACE_POPULATION',NULL),('361','364134','DT_SPACE_POPULATION',NULL),('362','18776707','DT_SPACE_POPULATION',NULL),('363','53771300','DT_SPACE_POPULATION',NULL),('364','2142252','DT_SPACE_POPULATION',NULL),('365','6871287','DT_SPACE_POPULATION',NULL),('366','626108','DT_SPACE_POPULATION',NULL),('367','514564','DT_SPACE_POPULATION',NULL),('368','59194','DT_SPACE_POPULATION',NULL),('369','128932753','DT_SPACE_POPULATION',NULL),('370','115021','DT_SPACE_POPULATION',NULL),('371','39244','DT_SPACE_POPULATION',NULL),('372','206139587','DT_SPACE_POPULATION',NULL),('373','5101416','DT_SPACE_POPULATION',NULL),('374','183629','DT_SPACE_POPULATION',NULL),('375','2095861','DT_SPACE_POPULATION',NULL),('376','586634','DT_SPACE_POPULATION',NULL),('377','17500657','DT_SPACE_POPULATION',NULL),('378','83154997','DT_SPACE_POPULATION',NULL),('379','45741000','DT_SPACE_POPULATION',NULL),('380','307150','DT_SPACE_POPULATION',NULL),('381','29825968','DT_SPACE_POPULATION',NULL),('382','43851043','DT_SPACE_POPULATION',NULL),('383','106766','DT_SPACE_POPULATION',NULL),('384','11890781','DT_SPACE_POPULATION',NULL),('385','26545864','DT_SPACE_POPULATION',NULL),('386','19116209','DT_SPACE_POPULATION',NULL),('387','11326616','DT_SPACE_POPULATION',NULL),('388','89561404','DT_SPACE_POPULATION',NULL),('389','5822763','DT_SPACE_POPULATION',NULL),('390','988002','DT_SPACE_POPULATION',NULL),('391','114963583','DT_SPACE_POPULATION',NULL),('392','13132792','DT_SPACE_POPULATION',NULL),('393','85032','DT_SPACE_POPULATION',NULL),('394','8655541','DT_SPACE_POPULATION',NULL),('395','1795666','DT_SPACE_POPULATION',NULL),('396','6624554','DT_SPACE_POPULATION',NULL),('397','109581085','DT_SPACE_POPULATION',NULL),('398','2881060','DT_SPACE_POPULATION',NULL),('399','110947','DT_SPACE_POPULATION',NULL),('400','43849269','DT_SPACE_POPULATION',NULL),('401','8606033','DT_SPACE_POPULATION',NULL),('402','1318442','DT_SPACE_POPULATION',NULL),('403','9890400','DT_SPACE_POPULATION',NULL),('404','28435943','DT_SPACE_POPULATION',NULL),('405','2963234','DT_SPACE_POPULATION',NULL),('406','62273','DT_SPACE_POPULATION',NULL),('407','771612','DT_SPACE_POPULATION',NULL),('408','30237','DT_SPACE_POPULATION',NULL),('409','164100','DT_SPACE_POPULATION',NULL),('410','71991','DT_SPACE_POPULATION',NULL),('411','1160164','DT_SPACE_POPULATION',NULL),('412','67320216','DT_SPACE_POPULATION',NULL),('413','280904','DT_SPACE_POPULATION',NULL),('414','33691','DT_SPACE_POPULATION',NULL),('415','1380004385','DT_SPACE_POPULATION',NULL),('416','83992953','DT_SPACE_POPULATION',NULL),('417','59641488','DT_SPACE_POPULATION',NULL),('418','27691019','DT_SPACE_POPULATION',NULL),('419','19129955','DT_SPACE_POPULATION',NULL),('420','32365998','DT_SPACE_POPULATION',NULL),('421','29136808','DT_SPACE_POPULATION',NULL),('422','4822233','DT_SPACE_POPULATION',NULL),('423','24206636','DT_SPACE_POPULATION',NULL),('424','5367580','DT_SPACE_POPULATION',NULL),('425','12952209','DT_SPACE_POPULATION',NULL),('426','53192','DT_SPACE_POPULATION',NULL),('427','15893219','DT_SPACE_POPULATION',NULL),('428','9537642','DT_SPACE_POPULATION',NULL),('429','38718','DT_SPACE_POPULATION',NULL),('430','68059863','DT_SPACE_POPULATION',NULL),('431','11246','DT_SPACE_POPULATION',NULL),('432','18383956','DT_SPACE_POPULATION',NULL),('433','2020-AGO-33','DT_TIME_WEEK',NULL),('434','2020-AGO-34','DT_TIME_WEEK',NULL),('435','2020-AGO-35','DT_TIME_WEEK',NULL),('436','2020-AGO-36','DT_TIME_WEEK',NULL),('437','2020-AGO-37','DT_TIME_WEEK',NULL),('438','2020-APR-15','DT_TIME_WEEK',NULL),('439','2020-APR-16','DT_TIME_WEEK',NULL),('440','2020-APR-17','DT_TIME_WEEK',NULL),('441','2020-APR-18','DT_TIME_WEEK',NULL),('442','2020-DEC-50','DT_TIME_WEEK',NULL),('443','2020-DEC-51','DT_TIME_WEEK',NULL),('444','2020-DEC-52','DT_TIME_WEEK',NULL),('445','2020-DEC-53','DT_TIME_WEEK',NULL),('446','2020-FEB-06','DT_TIME_WEEK',NULL),('447','2020-FEB-07','DT_TIME_WEEK',NULL),('448','2020-FEB-08','DT_TIME_WEEK',NULL),('449','2020-FEB-09','DT_TIME_WEEK',NULL),('450','2020-JAN-01','DT_TIME_WEEK',NULL),('451','2020-JAN-02','DT_TIME_WEEK',NULL),('452','2020-JAN-03','DT_TIME_WEEK',NULL),('453','2020-JAN-04','DT_TIME_WEEK',NULL),('454','2020-JAN-05','DT_TIME_WEEK',NULL),('455','2020-JUL-28','DT_TIME_WEEK',NULL),('456','2020-JUL-29','DT_TIME_WEEK',NULL),('457','2020-JUL-30','DT_TIME_WEEK',NULL),('458','2020-JUL-31','DT_TIME_WEEK',NULL),('459','2020-JUL-32','DT_TIME_WEEK',NULL),('460','2020-JUN-24','DT_TIME_WEEK',NULL),('461','2020-JUN-25','DT_TIME_WEEK',NULL),('462','2020-JUN-26','DT_TIME_WEEK',NULL),('463','2020-JUN-27','DT_TIME_WEEK',NULL),('464','2020-MAR-10','DT_TIME_WEEK',NULL),('465','2020-MAR-11','DT_TIME_WEEK',NULL),('466','2020-MAR-12','DT_TIME_WEEK',NULL),('467','2020-MAR-13','DT_TIME_WEEK',NULL),('468','2020-MAR-14','DT_TIME_WEEK',NULL),('469','2020-MAY-19','DT_TIME_WEEK',NULL),('470','2020-MAY-20','DT_TIME_WEEK',NULL),('471','2020-MAY-21','DT_TIME_WEEK',NULL),('472','2020-MAY-22','DT_TIME_WEEK',NULL),('473','2020-MAY-23','DT_TIME_WEEK',NULL),('474','2020-NOV-46','DT_TIME_WEEK',NULL),('475','2020-NOV-47','DT_TIME_WEEK',NULL),('476','2020-NOV-48','DT_TIME_WEEK',NULL),('477','2020-NOV-49','DT_TIME_WEEK',NULL),('478','2020-OCT-42','DT_TIME_WEEK',NULL),('479','2020-OCT-43','DT_TIME_WEEK',NULL),('480','2020-OCT-44','DT_TIME_WEEK',NULL),('481','2020-OCT-45','DT_TIME_WEEK',NULL),('482','2020-SEP-38','DT_TIME_WEEK',NULL),('483','2020-SEP-39','DT_TIME_WEEK',NULL),('484','2020-SEP-40','DT_TIME_WEEK',NULL),('485','2020-SEP-41','DT_TIME_WEEK',NULL),('486','2021-APR-15','DT_TIME_WEEK',NULL),('487','2021-APR-16','DT_TIME_WEEK',NULL),('488','2021-APR-17','DT_TIME_WEEK',NULL),('489','2021-APR-18','DT_TIME_WEEK',NULL),('490','2021-FEB-06','DT_TIME_WEEK',NULL),('491','2021-FEB-07','DT_TIME_WEEK',NULL),('492','2021-FEB-08','DT_TIME_WEEK',NULL),('493','2021-FEB-09','DT_TIME_WEEK',NULL),('494','2021-JAN-01','DT_TIME_WEEK',NULL),('495','2021-JAN-02','DT_TIME_WEEK',NULL),('496','2021-JAN-03','DT_TIME_WEEK',NULL),('497','2021-JAN-04','DT_TIME_WEEK',NULL),('498','2021-JAN-05','DT_TIME_WEEK',NULL),('499','2021-JUN-24','DT_TIME_WEEK',NULL),('500','2021-MAR-10','DT_TIME_WEEK',NULL),('501','2021-MAR-11','DT_TIME_WEEK',NULL),('502','2021-MAR-12','DT_TIME_WEEK',NULL),('503','2021-MAR-13','DT_TIME_WEEK',NULL),('504','2021-MAR-14','DT_TIME_WEEK',NULL),('505','2021-MAY-19','DT_TIME_WEEK',NULL),('506','2021-MAY-20','DT_TIME_WEEK',NULL),('507','2021-MAY-21','DT_TIME_WEEK',NULL),('508','2021-MAY-22','DT_TIME_WEEK',NULL),('509','2021-MAY-23','DT_TIME_WEEK',NULL),('510','2021','DT_TIME_YEAR',NULL),('511','2020','DT_TIME_YEAR',NULL),('512','2020-APR','DT_TIME_MONTH',NULL),('513','2020-JAN','DT_TIME_MONTH',NULL),('514','2021-FEB','DT_TIME_MONTH',NULL),('515','2020-JUN','DT_TIME_MONTH',NULL),('516','2020-MAR','DT_TIME_MONTH',NULL),('517','2020-SEP','DT_TIME_MONTH',NULL),('518','2021-JAN','DT_TIME_MONTH',NULL),('519','2021-JUN','DT_TIME_MONTH',NULL),('520','2021-MAR','DT_TIME_MONTH',NULL),('521','2020-FEB','DT_TIME_MONTH',NULL),('522','2020-NOV','DT_TIME_MONTH',NULL),('523','2020-OCT','DT_TIME_MONTH',NULL),('524','2021-APR','DT_TIME_MONTH',NULL),('525','2021-MAY','DT_TIME_MONTH',NULL),('526','2020-JUL','DT_TIME_MONTH',NULL),('527','2020-AGO','DT_TIME_MONTH',NULL),('528','2020-DEC','DT_TIME_MONTH',NULL),('529','2020-MAY','DT_TIME_MONTH',NULL);
/*!40000 ALTER TABLE `MEMBER` ENABLE KEYS */;
UNLOCK TABLES;

--
-- Table structure for table `OLAPSESSION`
--

DROP TABLE IF EXISTS `OLAPSESSION`;
/*!40101 SET @saved_cs_client     = @@character_set_client */;
/*!50503 SET character_set_client = utf8mb4 */;
CREATE TABLE `OLAPSESSION` (
                               `TIMESTAMP` mediumtext,
                               `SESSION_ID` varchar(255) DEFAULT NULL,
                               `ANNOTATION_ID` varchar(255) DEFAULT NULL,
                               `VALUE_EN` varchar(1000) DEFAULT NULL,
                               `VALUE_ITA` varchar(1000) DEFAULT NULL,
                               `LIMIT` mediumtext,
                               `FULLQUERY_SERIALIZED` blob,
                               `FULLQUERY_TREE` varchar(1000) DEFAULT NULL,
                               `OLAPOPERATOR_SERIALIZED` blob
) ENGINE=InnoDB DEFAULT CHARSET=latin1;
/*!40101 SET character_set_client = @saved_cs_client */;

--
-- Dumping data for table `OLAPSESSION`
--

LOCK TABLES `OLAPSESSION` WRITE;
/*!40000 ALTER TABLE `OLAPSESSION` DISABLE KEYS */;
/*!40000 ALTER TABLE `OLAPSESSION` ENABLE KEYS */;
UNLOCK TABLES;

--
-- Table structure for table `QUERIES`
--

DROP TABLE IF EXISTS `QUERIES`;
/*!40101 SET @saved_cs_client     = @@character_set_client */;
/*!50503 SET character_set_client = utf8mb4 */;
CREATE TABLE `QUERIES` (
                           `QUERY` varchar(1000) DEFAULT NULL,
                           `MC` varchar(255) DEFAULT NULL,
                           `GC` varchar(255) DEFAULT NULL,
                           `SC` varchar(255) DEFAULT NULL
) ENGINE=InnoDB DEFAULT CHARSET=latin1;
/*!40101 SET character_set_client = @saved_cs_client */;

--
-- Dumping data for table `QUERIES`
--

LOCK TABLES `QUERIES` WRITE;
/*!40000 ALTER TABLE `QUERIES` DISABLE KEYS */;
/*!40000 ALTER TABLE `QUERIES` ENABLE KEYS */;
UNLOCK TABLES;

--
-- Table structure for table `RELATIONSHIP`
--

DROP TABLE IF EXISTS `RELATIONSHIP`;
/*!40101 SET @saved_cs_client     = @@character_set_client */;
/*!50503 SET character_set_client = utf8mb4 */;
CREATE TABLE `RELATIONSHIP` (
                                `RELATIONSHIP_ID` varchar(255) DEFAULT NULL,
                                `TABLE1` varchar(255) DEFAULT NULL,
                                `TABLE2` varchar(255) DEFAULT NULL
) ENGINE=InnoDB DEFAULT CHARSET=latin1;
/*!40101 SET character_set_client = @saved_cs_client */;

--
-- Dumping data for table `RELATIONSHIP`
--

LOCK TABLES `RELATIONSHIP` WRITE;
/*!40000 ALTER TABLE `RELATIONSHIP` DISABLE KEYS */;
INSERT INTO `RELATIONSHIP` VALUES ('FT_DT_SPACE','FT','DT_SPACE'),('FT_DT_TIME','FT','DT_TIME');
/*!40000 ALTER TABLE `RELATIONSHIP` ENABLE KEYS */;
UNLOCK TABLES;

--
-- Table structure for table `SYNONYM`
--

DROP TABLE IF EXISTS `SYNONYM`;
/*!40101 SET @saved_cs_client     = @@character_set_client */;
/*!50503 SET character_set_client = utf8mb4 */;
CREATE TABLE `SYNONYM` (
                           `SYNONYM_ID` varchar(255) DEFAULT NULL,
                           `TABLE_NAME` varchar(255) DEFAULT NULL,
                           `REFERENCE_ID` varchar(255) DEFAULT NULL,
                           `TERM` varchar(255) DEFAULT NULL
) ENGINE=InnoDB DEFAULT CHARSET=latin1;
/*!40101 SET character_set_client = @saved_cs_client */;

--
-- Dumping data for table `SYNONYM`
--

LOCK TABLES `SYNONYM` WRITE;
/*!40000 ALTER TABLE `SYNONYM` DISABLE KEYS */;
INSERT INTO `SYNONYM` VALUES ('530','MEASURE','DEATHS','DEATHS'),('531','MEASURE','CASES','CASES'),('532','LEVEL','DT_SPACE_all_DT_SPACE','all_DT_SPACE'),('533','LEVEL','DT_SPACE_COUNTRY','COUNTRY'),('534','LEVEL','DT_SPACE_CONTINENT','CONTINENT'),('535','LEVEL','DT_SPACE_POPULATION','POPULATION'),('536','LEVEL','DT_TIME_all_DT_TIME','all_DT_TIME'),('537','LEVEL','DT_TIME_WEEK','WEEK'),('538','LEVEL','DT_TIME_YEAR','YEAR'),('539','LEVEL','DT_TIME_MONTH','MONTH'),('540','FACT','FT','FT'),('541','MEMBER','0','Afghanistan'),('542','MEMBER','1','Albania'),('543','MEMBER','2','Algeria'),('544','MEMBER','3','Andorra'),('545','MEMBER','4','Angola'),('546','MEMBER','5','Anguilla'),('547','MEMBER','6','Antigua And Barbuda'),('548','MEMBER','7','Argentina'),('549','MEMBER','8','Armenia'),('550','MEMBER','9','Aruba'),('551','MEMBER','10','Australia'),('552','MEMBER','11','Austria'),('553','MEMBER','12','Azerbaijan'),('554','MEMBER','13','Bahamas'),('555','MEMBER','14','Bahrain'),('556','MEMBER','15','Bangladesh'),('557','MEMBER','16','Barbados'),('558','MEMBER','17','Belarus'),('559','MEMBER','18','Belgium'),('560','MEMBER','19','Belize'),('561','MEMBER','20','Benin'),('562','MEMBER','21','Bermuda'),('563','MEMBER','22','Bhutan'),('564','MEMBER','23','Bolivia'),('565','MEMBER','24','Bonaire, Saint Eustatius And Saba'),('566','MEMBER','25','Bosnia And Herzegovina'),('567','MEMBER','26','Botswana'),('568','MEMBER','27','Brazil'),('569','MEMBER','28','British Virgin Islands'),('570','MEMBER','29','Brunei Darussalam'),('571','MEMBER','30','Bulgaria'),('572','MEMBER','31','Burkina Faso'),('573','MEMBER','32','Burundi'),('574','MEMBER','33','Cambodia'),('575','MEMBER','34','Cameroon'),('576','MEMBER','35','Canada'),('577','MEMBER','36','Cape Verde'),('578','MEMBER','37','Cayman Islands'),('579','MEMBER','38','Central African Republic'),('580','MEMBER','39','Chad'),('581','MEMBER','40','Chile'),('582','MEMBER','41','China'),('583','MEMBER','42','Colombia'),('584','MEMBER','43','Comoros'),('585','MEMBER','44','Congo'),('586','MEMBER','45','Costa Rica'),('587','MEMBER','46','Cote Divoire'),('588','MEMBER','47','Croatia'),('589','MEMBER','48','Cuba'),('590','MEMBER','49','Curaçao'),('591','MEMBER','50','Cyprus'),('592','MEMBER','51','Czechia'),('593','MEMBER','52','Democratic Republic Of The Congo'),('594','MEMBER','53','Denmark'),('595','MEMBER','54','Djibouti'),('596','MEMBER','55','Dominica'),('597','MEMBER','56','Dominican Republic'),('598','MEMBER','57','Ecuador'),('599','MEMBER','58','Egypt'),('600','MEMBER','59','El Salvador'),('601','MEMBER','60','Equatorial Guinea'),('602','MEMBER','61','Eritrea'),('603','MEMBER','62','Estonia'),('604','MEMBER','63','Eswatini'),('605','MEMBER','64','Ethiopia'),('606','MEMBER','65','Falkland Islands (Malvinas)'),('607','MEMBER','66','Faroe Islands'),('608','MEMBER','67','Fiji'),('609','MEMBER','68','Finland'),('610','MEMBER','69','France'),('611','MEMBER','70','French Polynesia'),('612','MEMBER','71','Gabon'),('613','MEMBER','72','Gambia'),('614','MEMBER','73','Georgia'),('615','MEMBER','74','Germany'),('616','MEMBER','75','Ghana'),('617','MEMBER','76','Gibraltar'),('618','MEMBER','77','Greece'),('619','MEMBER','78','Greenland'),('620','MEMBER','79','Grenada'),('621','MEMBER','80','Guam'),('622','MEMBER','81','Guatemala'),('623','MEMBER','82','Guernsey'),('624','MEMBER','83','Guinea'),('625','MEMBER','84','Guinea Bissau'),('626','MEMBER','85','Guyana'),('627','MEMBER','86','Haiti'),('628','MEMBER','87','Holy See'),('629','MEMBER','88','Honduras'),('630','MEMBER','89','Hungary'),('631','MEMBER','90','Iceland'),('632','MEMBER','91','India'),('633','MEMBER','92','Indonesia'),('634','MEMBER','93','Iran'),('635','MEMBER','94','Iraq'),('636','MEMBER','95','Ireland'),('637','MEMBER','96','Isle Of Man'),('638','MEMBER','97','Israel'),('639','MEMBER','98','Italy'),('640','MEMBER','99','Jamaica'),('641','MEMBER','100','Japan'),('642','MEMBER','101','Jersey'),('643','MEMBER','102','Jordan'),('644','MEMBER','103','Kazakhstan'),('645','MEMBER','104','Kenya'),('646','MEMBER','105','Kosovo'),('647','MEMBER','106','Kuwait'),('648','MEMBER','107','Kyrgyzstan'),('649','MEMBER','108','Laos'),('650','MEMBER','109','Latvia'),('651','MEMBER','110','Lebanon'),('652','MEMBER','111','Lesotho'),('653','MEMBER','112','Liberia'),('654','MEMBER','113','Libya'),('655','MEMBER','114','Liechtenstein'),('656','MEMBER','115','Lithuania'),('657','MEMBER','116','Luxembourg'),('658','MEMBER','117','Madagascar'),('659','MEMBER','118','Malawi'),('660','MEMBER','119','Malaysia'),('661','MEMBER','120','Maldives'),('662','MEMBER','121','Mali'),('663','MEMBER','122','Malta'),('664','MEMBER','123','Marshall Islands'),('665','MEMBER','124','Mauritania'),('666','MEMBER','125','Mauritius'),('667','MEMBER','126','Mexico'),('668','MEMBER','127','Micronesia (Federated States Of)'),('669','MEMBER','128','Moldova'),('670','MEMBER','129','Monaco'),('671','MEMBER','130','Mongolia'),('672','MEMBER','131','Montenegro'),('673','MEMBER','132','Montserrat'),('674','MEMBER','133','Morocco'),('675','MEMBER','134','Mozambique'),('676','MEMBER','135','Myanmar'),('677','MEMBER','136','Namibia'),('678','MEMBER','137','Nepal'),('679','MEMBER','138','Netherlands'),('680','MEMBER','139','New Caledonia'),('681','MEMBER','140','New Zealand'),('682','MEMBER','141','Nicaragua'),('683','MEMBER','142','Niger'),('684','MEMBER','143','Nigeria'),('685','MEMBER','144','North Macedonia'),('686','MEMBER','145','Northern Mariana Islands'),('687','MEMBER','146','Norway'),('688','MEMBER','147','Oman'),('689','MEMBER','148','Pakistan'),('690','MEMBER','149','Palestine'),('691','MEMBER','150','Panama'),('692','MEMBER','151','Papua New Guinea'),('693','MEMBER','152','Paraguay'),('694','MEMBER','153','Peru'),('695','MEMBER','154','Philippines'),('696','MEMBER','155','Poland'),('697','MEMBER','156','Portugal'),('698','MEMBER','157','Puerto Rico'),('699','MEMBER','158','Qatar'),('700','MEMBER','159','Romania'),('701','MEMBER','160','Russia'),('702','MEMBER','161','Rwanda'),('703','MEMBER','162','Saint Kitts And Nevis'),('704','MEMBER','163','Saint Lucia'),('705','MEMBER','164','Saint Vincent And The Grenadines'),('706','MEMBER','165','San Marino'),('707','MEMBER','166','Sao Tome And Principe'),('708','MEMBER','167','Saudi Arabia'),('709','MEMBER','168','Senegal'),('710','MEMBER','169','Serbia'),('711','MEMBER','170','Seychelles'),('712','MEMBER','171','Sierra Leone'),('713','MEMBER','172','Singapore'),('714','MEMBER','173','Sint Maarten'),('715','MEMBER','174','Slovakia'),('716','MEMBER','175','Slovenia'),('717','MEMBER','176','Solomon Islands'),('718','MEMBER','177','Somalia'),('719','MEMBER','178','South Africa'),('720','MEMBER','179','South Korea'),('721','MEMBER','180','South Sudan'),('722','MEMBER','181','Spain'),('723','MEMBER','182','Sri Lanka'),('724','MEMBER','183','Sudan'),('725','MEMBER','184','Suriname'),('726','MEMBER','185','Sweden'),('727','MEMBER','186','Switzerland'),('728','MEMBER','187','Syria'),('729','MEMBER','188','Taiwan'),('730','MEMBER','189','Tajikistan'),('731','MEMBER','190','Thailand'),('732','MEMBER','191','Timor Leste'),('733','MEMBER','192','Togo'),('734','MEMBER','193','Trinidad And Tobago'),('735','MEMBER','194','Tunisia'),('736','MEMBER','195','Turkey'),('737','MEMBER','196','Turks And Caicos Islands'),('738','MEMBER','197','Uganda'),('739','MEMBER','198','Ukraine'),('740','MEMBER','199','United Arab Emirates'),('741','MEMBER','200','United Kingdom'),('742','MEMBER','201','United Republic Of Tanzania'),('743','MEMBER','202','United States Of America'),('744','MEMBER','203','United States Virgin Islands'),('745','MEMBER','204','Uruguay'),('746','MEMBER','205','Uzbekistan'),('747','MEMBER','206','Vanuatu'),('748','MEMBER','207','Venezuela'),('749','MEMBER','208','Vietnam'),('750','MEMBER','209','Wallis And Futuna'),('751','MEMBER','210','Western Sahara'),('752','MEMBER','211','Yemen'),('753','MEMBER','212','Zambia'),('754','MEMBER','213','Zimbabwe'),('755','MEMBER','214','America'),('756','MEMBER','215','Oceania'),('757','MEMBER','216','Europe'),('758','MEMBER','217','Africa'),('759','MEMBER','218','Asia'),('760','MEMBER','219','38928341'),('761','MEMBER','220','32866268'),('762','MEMBER','221','97928'),('763','MEMBER','222','397621'),('764','MEMBER','223','12123198'),('765','MEMBER','224','3280815'),('766','MEMBER','225','65720'),('767','MEMBER','226','26378275'),('768','MEMBER','227','888005'),('769','MEMBER','228','1328976'),('770','MEMBER','229','2225728'),('771','MEMBER','230','3989175'),('772','MEMBER','231','83166711'),('773','MEMBER','232','9904608'),('774','MEMBER','233','40222503'),('775','MEMBER','234','4964440'),('776','MEMBER','235','2961161'),('777','MEMBER','236','126476458'),('778','MEMBER','237','1907675'),('779','MEMBER','238','2794090'),('780','MEMBER','239','2076255'),('781','MEMBER','240','5106622'),('782','MEMBER','241','8947027'),('783','MEMBER','242','7132530'),('784','MEMBER','243','145934460'),('785','MEMBER','244','16743930'),('786','MEMBER','245','5457873'),('787','MEMBER','246','47332614'),('788','MEMBER','247','1399491'),('789','MEMBER','248','14862927'),('790','MEMBER','249','20903278'),('791','MEMBER','250','5518092'),('792','MEMBER','251','6486201'),('793','MEMBER','252','2416664'),('794','MEMBER','253','112519'),('795','MEMBER','254','64468'),('796','MEMBER','255','786559'),('797','MEMBER','256','10203140'),('798','MEMBER','257','7275556'),('799','MEMBER','258','36910558'),('800','MEMBER','259','17407585'),('801','MEMBER','260','32971846'),('802','MEMBER','261','219161'),('803','MEMBER','262','7976985'),('804','MEMBER','263','686878'),('805','MEMBER','264','51269183'),('806','MEMBER','265','23816775'),('807','MEMBER','266','3473727'),('808','MEMBER','267','76177'),('809','MEMBER','268','15002'),('810','MEMBER','269','26221'),('811','MEMBER','270','1439323774'),('812','MEMBER','271','10693939'),('813','MEMBER','272','102334403'),('814','MEMBER','273','1402985'),('815','MEMBER','274','3483'),('816','MEMBER','275','5525292'),('817','MEMBER','276','10718565'),('818','MEMBER','277','56772'),('819','MEMBER','278','11402533'),('820','MEMBER','279','273523621'),('821','MEMBER','280','107796'),('822','MEMBER','281','4270563'),('823','MEMBER','282','6524191'),('824','MEMBER','283','6825442'),('825','MEMBER','284','540542'),('826','MEMBER','285','4033963'),('827','MEMBER','286','54409794'),('828','MEMBER','287','2540916'),('829','MEMBER','288','37958138'),('830','MEMBER','289','2860840'),('831','MEMBER','290','98340'),('832','MEMBER','291','42882'),('833','MEMBER','292','59308690'),('834','MEMBER','293','11193729'),('835','MEMBER','294','69799978'),('836','MEMBER','295','43733759'),('837','MEMBER','296','104423'),('838','MEMBER','297','45195777'),('839','MEMBER','298','10139175'),('840','MEMBER','299','287371'),('841','MEMBER','300','9449321'),('842','MEMBER','301','50882884'),('843','MEMBER','302','869595'),('844','MEMBER','303','10847904'),('845','MEMBER','304','17643060'),('846','MEMBER','305','168783'),('847','MEMBER','306','1967998'),('848','MEMBER','307','809'),('849','MEMBER','308','4649660'),('850','MEMBER','309','3278292'),('851','MEMBER','310','285491'),('852','MEMBER','311','4314768'),('853','MEMBER','312','19328838'),('854','MEMBER','313','5850343'),('855','MEMBER','314','8278737'),('856','MEMBER','315','11818618'),('857','MEMBER','316','33469199'),('858','MEMBER','317','97338583'),('859','MEMBER','318','597330'),('860','MEMBER','319','2845955'),('861','MEMBER','320','393248'),('862','MEMBER','321','1701583'),('863','MEMBER','322','11673029'),('864','MEMBER','323','212559409'),('865','MEMBER','324','6951482'),('866','MEMBER','325','16718971'),('867','MEMBER','326','37742157'),('868','MEMBER','327','555988'),('869','MEMBER','328','4829764'),('870','MEMBER','329','16425859'),('871','MEMBER','330','5094114'),('872','MEMBER','331','3546427'),('873','MEMBER','332','48865'),('874','MEMBER','333','896444'),('875','MEMBER','334','31072945'),('876','MEMBER','335','9769526'),('877','MEMBER','336','5057677'),('878','MEMBER','337','38747'),('879','MEMBER','338','20250834'),('880','MEMBER','339','1271767'),('881','MEMBER','340','621873'),('882','MEMBER','341','4999'),('883','MEMBER','342','31255435'),('884','MEMBER','343','57557'),('885','MEMBER','344','220892331'),('886','MEMBER','345','10295909'),('887','MEMBER','346','34453'),('888','MEMBER','347','34813867'),('889','MEMBER','348','6926705'),('890','MEMBER','349','21413250'),('891','MEMBER','350','10327589'),('892','MEMBER','351','59734213'),('893','MEMBER','352','331002647'),('894','MEMBER','353','25499881'),('895','MEMBER','354','8901064'),('896','MEMBER','355','164689383'),('897','MEMBER','356','11522440'),('898','MEMBER','357','2351625'),('899','MEMBER','358','437483'),('900','MEMBER','359','4058165'),('901','MEMBER','360','17915567'),('902','MEMBER','361','364134'),('903','MEMBER','362','18776707'),('904','MEMBER','363','53771300'),('905','MEMBER','364','2142252'),('906','MEMBER','365','6871287'),('907','MEMBER','366','626108'),('908','MEMBER','367','514564'),('909','MEMBER','368','59194'),('910','MEMBER','369','128932753'),('911','MEMBER','370','115021'),('912','MEMBER','371','39244'),('913','MEMBER','372','206139587'),('914','MEMBER','373','5101416'),('915','MEMBER','374','183629'),('916','MEMBER','375','2095861'),('917','MEMBER','376','586634'),('918','MEMBER','377','17500657'),('919','MEMBER','378','83154997'),('920','MEMBER','379','45741000'),('921','MEMBER','380','307150'),('922','MEMBER','381','29825968'),('923','MEMBER','382','43851043'),('924','MEMBER','383','106766'),('925','MEMBER','384','11890781'),('926','MEMBER','385','26545864'),('927','MEMBER','386','19116209'),('928','MEMBER','387','11326616'),('929','MEMBER','388','89561404'),('930','MEMBER','389','5822763'),('931','MEMBER','390','988002'),('932','MEMBER','391','114963583'),('933','MEMBER','392','13132792'),('934','MEMBER','393','85032'),('935','MEMBER','394','8655541'),('936','MEMBER','395','1795666'),('937','MEMBER','396','6624554'),('938','MEMBER','397','109581085'),('939','MEMBER','398','2881060'),('940','MEMBER','399','110947'),('941','MEMBER','400','43849269'),('942','MEMBER','401','8606033'),('943','MEMBER','402','1318442'),('944','MEMBER','403','9890400'),('945','MEMBER','404','28435943'),('946','MEMBER','405','2963234'),('947','MEMBER','406','62273'),('948','MEMBER','407','771612'),('949','MEMBER','408','30237'),('950','MEMBER','409','164100'),('951','MEMBER','410','71991'),('952','MEMBER','411','1160164'),('953','MEMBER','412','67320216'),('954','MEMBER','413','280904'),('955','MEMBER','414','33691'),('956','MEMBER','415','1380004385'),('957','MEMBER','416','83992953'),('958','MEMBER','417','59641488'),('959','MEMBER','418','27691019'),('960','MEMBER','419','19129955'),('961','MEMBER','420','32365998'),('962','MEMBER','421','29136808'),('963','MEMBER','422','4822233'),('964','MEMBER','423','24206636'),('965','MEMBER','424','5367580'),('966','MEMBER','425','12952209'),('967','MEMBER','426','53192'),('968','MEMBER','427','15893219'),('969','MEMBER','428','9537642'),('970','MEMBER','429','38718'),('971','MEMBER','430','68059863'),('972','MEMBER','431','11246'),('973','MEMBER','432','18383956'),('974','MEMBER','433','2020-AGO-33'),('975','MEMBER','434','2020-AGO-34'),('976','MEMBER','435','2020-AGO-35'),('977','MEMBER','436','2020-AGO-36'),('978','MEMBER','437','2020-AGO-37'),('979','MEMBER','438','2020-APR-15'),('980','MEMBER','439','2020-APR-16'),('981','MEMBER','440','2020-APR-17'),('982','MEMBER','441','2020-APR-18'),('983','MEMBER','442','2020-DEC-50'),('984','MEMBER','443','2020-DEC-51'),('985','MEMBER','444','2020-DEC-52'),('986','MEMBER','445','2020-DEC-53'),('987','MEMBER','446','2020-FEB-06'),('988','MEMBER','447','2020-FEB-07'),('989','MEMBER','448','2020-FEB-08'),('990','MEMBER','449','2020-FEB-09'),('991','MEMBER','450','2020-JAN-01'),('992','MEMBER','451','2020-JAN-02'),('993','MEMBER','452','2020-JAN-03'),('994','MEMBER','453','2020-JAN-04'),('995','MEMBER','454','2020-JAN-05'),('996','MEMBER','455','2020-JUL-28'),('997','MEMBER','456','2020-JUL-29'),('998','MEMBER','457','2020-JUL-30'),('999','MEMBER','458','2020-JUL-31'),('1000','MEMBER','459','2020-JUL-32'),('1001','MEMBER','460','2020-JUN-24'),('1002','MEMBER','461','2020-JUN-25'),('1003','MEMBER','462','2020-JUN-26'),('1004','MEMBER','463','2020-JUN-27'),('1005','MEMBER','464','2020-MAR-10'),('1006','MEMBER','465','2020-MAR-11'),('1007','MEMBER','466','2020-MAR-12'),('1008','MEMBER','467','2020-MAR-13'),('1009','MEMBER','468','2020-MAR-14'),('1010','MEMBER','469','2020-MAY-19'),('1011','MEMBER','470','2020-MAY-20'),('1012','MEMBER','471','2020-MAY-21'),('1013','MEMBER','472','2020-MAY-22'),('1014','MEMBER','473','2020-MAY-23'),('1015','MEMBER','474','2020-NOV-46'),('1016','MEMBER','475','2020-NOV-47'),('1017','MEMBER','476','2020-NOV-48'),('1018','MEMBER','477','2020-NOV-49'),('1019','MEMBER','478','2020-OCT-42'),('1020','MEMBER','479','2020-OCT-43'),('1021','MEMBER','480','2020-OCT-44'),('1022','MEMBER','481','2020-OCT-45'),('1023','MEMBER','482','2020-SEP-38'),('1024','MEMBER','483','2020-SEP-39'),('1025','MEMBER','484','2020-SEP-40'),('1026','MEMBER','485','2020-SEP-41'),('1027','MEMBER','486','2021-APR-15'),('1028','MEMBER','487','2021-APR-16'),('1029','MEMBER','488','2021-APR-17'),('1030','MEMBER','489','2021-APR-18'),('1031','MEMBER','490','2021-FEB-06'),('1032','MEMBER','491','2021-FEB-07'),('1033','MEMBER','492','2021-FEB-08'),('1034','MEMBER','493','2021-FEB-09'),('1035','MEMBER','494','2021-JAN-01'),('1036','MEMBER','495','2021-JAN-02'),('1037','MEMBER','496','2021-JAN-03'),('1038','MEMBER','497','2021-JAN-04'),('1039','MEMBER','498','2021-JAN-05'),('1040','MEMBER','499','2021-JUN-24'),('1041','MEMBER','500','2021-MAR-10'),('1042','MEMBER','501','2021-MAR-11'),('1043','MEMBER','502','2021-MAR-12'),('1044','MEMBER','503','2021-MAR-13'),('1045','MEMBER','504','2021-MAR-14'),('1046','MEMBER','505','2021-MAY-19'),('1047','MEMBER','506','2021-MAY-20'),('1048','MEMBER','507','2021-MAY-21'),('1049','MEMBER','508','2021-MAY-22'),('1050','MEMBER','509','2021-MAY-23'),('1051','MEMBER','510','2021'),('1052','MEMBER','511','2020'),('1053','MEMBER','512','2020-APR'),('1054','MEMBER','513','2020-JAN'),('1055','MEMBER','514','2021-FEB'),('1056','MEMBER','515','2020-JUN'),('1057','MEMBER','516','2020-MAR'),('1058','MEMBER','517','2020-SEP'),('1059','MEMBER','518','2021-JAN'),('1060','MEMBER','519','2021-JUN'),('1061','MEMBER','520','2021-MAR'),('1062','MEMBER','521','2020-FEB'),('1063','MEMBER','522','2020-NOV'),('1064','MEMBER','523','2020-OCT'),('1065','MEMBER','524','2021-APR'),('1066','MEMBER','525','2021-MAY'),('1067','MEMBER','526','2020-JUL'),('1068','MEMBER','527','2020-AGO'),('1069','MEMBER','528','2020-DEC'),('1070','MEMBER','529','2020-MAY');
/*!40000 ALTER TABLE `SYNONYM` ENABLE KEYS */;
UNLOCK TABLES;

--
-- Table structure for table `TABLE`
--

DROP TABLE IF EXISTS `TABLE`;
/*!40101 SET @saved_cs_client     = @@character_set_client */;
/*!50503 SET character_set_client = utf8mb4 */;
CREATE TABLE `TABLE` (
                         `TABLE_ID` varchar(255) DEFAULT NULL,
                         `TABLE_NAME` varchar(255) DEFAULT NULL,
                         `TABLE_TYPE` varchar(255) DEFAULT NULL,
                         `FACT_ID` varchar(255) DEFAULT NULL,
                         `HIERARCHY_ID` varchar(255) DEFAULT NULL
) ENGINE=InnoDB DEFAULT CHARSET=latin1;
/*!40101 SET character_set_client = @saved_cs_client */;

--
-- Dumping data for table `TABLE`
--

LOCK TABLES `TABLE` WRITE;
/*!40000 ALTER TABLE `TABLE` DISABLE KEYS */;
INSERT INTO `TABLE` VALUES ('FT','FT','FT','FT',NULL),('DT_SPACE','DT_SPACE','DT',NULL,'DT_SPACE'),('DT_TIME','DT_TIME','DT',NULL,'DT_TIME');
/*!40000 ALTER TABLE `TABLE` ENABLE KEYS */;
UNLOCK TABLES;
/*!40103 SET TIME_ZONE=@OLD_TIME_ZONE */;

/*!40101 SET SQL_MODE=@OLD_SQL_MODE */;
/*!40014 SET FOREIGN_KEY_CHECKS=@OLD_FOREIGN_KEY_CHECKS */;
/*!40014 SET UNIQUE_CHECKS=@OLD_UNIQUE_CHECKS */;
/*!40101 SET CHARACTER_SET_CLIENT=@OLD_CHARACTER_SET_CLIENT */;
/*!40101 SET CHARACTER_SET_RESULTS=@OLD_CHARACTER_SET_RESULTS */;
/*!40101 SET COLLATION_CONNECTION=@OLD_COLLATION_CONNECTION */;
/*!40111 SET SQL_NOTES=@OLD_SQL_NOTES */;

-- Dump completed on 2022-01-19 10:18:32
